Let g = -583115 - -583137. Suppose -j = -3*u - 3*j + 7, u = -3*j. Let k(a) = 8*a**3 - 4*a**2 - 4. Let d be k(u). What is the greatest common factor of d and g?
22
Let l be 24 + 8*(-22)/11. Suppose 5*w + 4*o + 23 = 0, -w - 3*o - 6 = 3. Let k be ((0 - -6)/w)/(-1). What is the highest common divisor of l and k?
2
Suppose 0 = -b - 4*g + 19468, -5827 + 83794 = 4*b - 3*g. What is the greatest common factor of b and 42?
42
Let h(l) = 56 - 29 + l - 16 - 5*l. Let t be h(-4). Calculate the greatest common divisor of 9 and t.
9
Suppose 0 = 149*i - 4357 - 4583. Calculate the greatest common factor of i and 520.
20
Suppose 0 = -46*i + 42*i + 16. Suppose -134 = -i*p - 122. Suppose p*v = -19 + 208. Calculate the greatest common factor of 7 and v.
7
Suppose 0 = x - f - 90, -1704*x - 2*f = -1701*x - 250. What is the highest common factor of 11008 and x?
86
Let s be (1 + 1)*(-220)/(-8). Suppose 8*t = 10*t - 242. What is the highest common factor of t and s?
11
Let l be (27/18)/((-2)/(-72)). Suppose 8*v = 12*v + 24. Let f be (96/112)/((v/(-14))/3). Calculate the greatest common divisor of l and f.
6
Suppose -222*b = -218*b - 816. What is the greatest common factor of 10914 and b?
102
Let b = -1522 - -1777. Calculate the highest common factor of 357 and b.
51
Suppose -176400 = 8324*h - 8414*h. Calculate the highest common factor of h and 7.
7
Suppose -5*b = 5*n - 35, b + 1 = -2*n + 10. Suppose -5*w = -2*z + 47, -14*z + b*w = -10*z - 79. What is the highest common divisor of z and 88?
8
Suppose -85 = -0*n - 5*n. Suppose 9*k + 2350 = 34*k. Suppose -k - 8 = -n*s. What is the greatest common factor of 48 and s?
6
Let j(z) = -379*z - 4718. Let q be j(-19). What is the greatest common factor of q and 117?
13
Suppose 3*g = 3*c + 6*g - 81, -g = 4. Suppose -5*s + 5 = 0, -c - 81 = -3*v - 4*s. Calculate the highest common divisor of v and 27.
9
Let q(b) = -b**2 + 8*b - 5. Let k be q(6). Let c(h) = h**2 - 5*h - 3. Let y be c(k). Let z = 14469 + -14447. What is the greatest common factor of y and z?
11
Let n be 3522/22 + 123/(-1353). Calculate the greatest common divisor of 176 and n.
16
Let d be 2/((1/(-33))/((-10)/60)). Suppose -4*w = 3*c - 0*w + 701, -2*c + 2*w = 486. Let z = -140 - c. Calculate the highest common factor of d and z.
11
Let k = 268 - 264. Let r be (-12 + 4)/(k/(-24)). Calculate the greatest common factor of 32 and r.
16
Suppose 2*l - 817*t - 1038 = -821*t, 1062 = 2*l - 2*t. Calculate the greatest common divisor of 85 and l.
17
Suppose 0 = r + 2*r - 4*b - 16, 4 = 4*r - b. Let v(a) = 6*a + 24. Let y be v(r). Calculate the greatest common divisor of 3 and y.
3
Let n be 9/(-6)*6/9. Let m be (1 - -5 - 3)*(-4)/(-3). Let b be (-150)/(-40) - n/m - -66. Calculate the highest common divisor of 5 and b.
5
Let u(d) = 2*d**3 + 2*d + 20. Let z be u(-3). Let o = 54 + z. What is the highest common divisor of 322 and o?
14
Let m(n) = n + 11*n**2 - 36*n**2 + 7*n**2 + 17 + 12*n**2. Let r be m(0). Calculate the highest common divisor of 17 and r.
17
Suppose -5*a - 2*l + 5950 = 0, 4*l - 17 = 3. Calculate the greatest common factor of 54 and a.
54
Let o be (9/6 - 1)*56/4. Let m be (-220)/(-35)*o/2. What is the greatest common factor of m and 176?
22
Let a(y) = -y**2 - 23*y - 11. Let f be (-11 - 0) + (-11 - (-20 - -9)). Let n be a(f). Calculate the highest common factor of n and 77.
11
Let v(h) = 5*h**2 + 41*h + 252. Let k be v(-7). Calculate the highest common divisor of 540 and k.
30
Let h(i) = i**3 + 43*i**2 + 5*i + 299. Let l be h(-43). What is the highest common divisor of l and 3892?
28
Let y(b) = -6*b - 23. Suppose -132*p + 139*p = -49. Let o be y(p). What is the greatest common divisor of 95 and o?
19
Suppose 0 = 141*v - 146*v. Suppose v = 120*d - 122*d + 980. Calculate the greatest common divisor of 10 and d.
10
Let h(j) = 12717*j**2 + 275*j + 13. Let z be h(-2). Calculate the greatest common divisor of 57 and z.
57
Let m(d) = 2*d**3 - 12*d**2 + 11*d - 14. Let w be m(8). Suppose 0 = -10*g - 0*g + w. What is the highest common divisor of 363 and g?
33
Let l be -4 + 6 - (2 - 2)/(-3). Let a be (-3)/6*46*(-32)/l. What is the highest common divisor of 16 and a?
16
Let m = 42 - 9. Suppose 33*u - 43758 = -45*u. Calculate the highest common divisor of m and u.
33
Let f be (0 - -1)/((-6 + (-8477)/(-1414))*-2). What is the greatest common divisor of 3232 and f?
101
Let i(d) = -316*d - 4725. Let f be i(-15). Calculate the highest common divisor of f and 735.
15
Suppose 0 = 35*u - 21*u - 83*u + 266961. What is the highest common divisor of 292 and u?
73
Let v be 8 - (2 + 4*-1). Let p(a) = -7*a + 244. Let j be p(30). Suppose 0 = 2*z + v - j. Calculate the greatest common divisor of 60 and z.
12
Let x = -119 - -231. Suppose -x*g + 114*g = 52. Calculate the greatest common factor of 91 and g.
13
Suppose 10*z = 5*z + 4290. Suppose -20 = -2*w + 24. Calculate the greatest common divisor of z and w.
22
Suppose -3*b + 3870 = -5*k, -8*b - 50*k + 10265 = -45*k. Calculate the greatest common divisor of b and 20.
5
Suppose 86 - 128 = p. Let z = 82 + p. What is the highest common divisor of 24 and z?
8
Let b be (-17 - (-8955)/525) + 14841/595. Suppose -459 = -2*w + 691. Calculate the highest common factor of w and b.
25
Let q = 84262 + -84197. Suppose -5*r + 23 = -42. Calculate the greatest common divisor of q and r.
13
Let o be 16/(-19 - -23) + 635*1. Calculate the highest common factor of 497 and o.
71
Let w(j) = j**2 - j - 12. Let q be w(7). Suppose d - 11 - 103 = 3*c, -d + 96 = 3*c. Calculate the greatest common factor of d and q.
15
Suppose -15 = -4*j + 5. Suppose -j*x = -4*x - 1, -1 = n - 3*x. Suppose -3*w + 115 = 3*p + n*p, 2*p + 20 = w. What is the greatest common factor of w and 12?
6
Let i be 30/3 + -14 + 7. Suppose i*x - 1210 - 796 = -2*g, 5*g = 4*x - 2644. What is the greatest common divisor of x and 37?
37
Let d(w) = 6*w - 1. Let u be d(2). Let y be 14/(-49) + -2 + 1371/21. Suppose 6*b - 8*b = 5*q - y, -b - 7 = -q. What is the greatest common divisor of u and q?
11
Let s(z) = 167*z - 110. Let p be s(3). What is the greatest common factor of p and 1288?
23
Let u(s) = -1780*s - 8795. Let q be u(-5). What is the highest common divisor of q and 2037?
21
Let z = -233 - -241. Calculate the highest common divisor of z and 112.
8
Suppose 0 = 5*g + u - 2*u - 1054, -5*g + 2*u = -1053. Suppose 0 = 9*c - 5 - g. What is the greatest common factor of c and 408?
24
Suppose -5*o - 5*t + 111 + 19 = 0, 3*o - 4*t - 92 = 0. Let n = 45 - -248. Let l = -272 + n. What is the highest common factor of o and l?
7
Let r(m) = 536*m**2 - 41*m + 94. Let a be r(2). Calculate the greatest common factor of 1568 and a.
196
Let v be 28 - (4/(-1) - -4). Let d = 29 - 164. Let x = -65 - d. Calculate the greatest common divisor of v and x.
14
Let p(j) = 2*j**2 + 8*j + 22. Let r = -72 + 67. Let h be p(r). What is the highest common divisor of 80 and h?
16
Suppose -35 = 6*n - 5. Let a be (-11 - -16)/((-1)/n). Suppose -3*m + 36 = -5*k - a, -3*m + 4*k = -62. Calculate the highest common divisor of m and 2.
2
Let l(u) = -57*u - 1. Let o be l(-1). Let w = 410 + -284. Suppose 6*t + 12*t = w. Calculate the highest common factor of o and t.
7
Let y be (56/(-12))/((-2)/6). Let r(k) = 2*k - 1 + 0 - 11 + 20. Let b be r(y). Calculate the greatest common factor of 180 and b.
36
Let m be (0 - 1) + -7 - (-288 - -168). Calculate the highest common factor of m and 6832.
112
Let t be (30/35 - 1) + 5043/21. What is the greatest common divisor of 3720 and t?
120
Suppose 0*f + 5 = 5*h - f, -2*f = -2*h - 6. Let l = 1 + h. Let x(k) = 2*k**2 + 44*k + 1. Let m be x(-22). What is the highest common divisor of l and m?
1
Let k(h) = -h**3 + 4*h**2 + 6*h + 6. Let t be k(5). Let o = 260 + 873. What is the highest common factor of o and t?
11
Let c(m) = -28*m + 469. Let t be c(16). What is the greatest common divisor of 111 and t?
3
Suppose 0 = -3*d - 5*g + 5457, 46*g = 4*d + 42*g - 7212. Calculate the highest common divisor of d and 297.
27
Let q = -54 - -72. Let a = -60 + 456. Suppose -58*u + a = -56*u. What is the greatest common factor of u and q?
18
Let z be (5/5 + 1)*5. Suppose 6 + z = 8*i. Suppose 4*b = 2*s + i*s + 980, -b + 3*s + 249 = 0. Calculate the highest common factor of b and 27.
27
Let p = 3677 + -2903. Calculate the highest common